hen (8/6)/(((-8)/(-1056))/1) is divided by g?
58
Let g be ((-9)/15)/((-4)/(-20)). Let y(x) = -45*x - 2. What is the remainder when y(g) is divided by (-8)/22*(-1122)/12?
31
Let w be 3/9 + 2 - (-2)/(-6). Let d be (0 - w) + 1 + 4/2. Calculate the remainder when (-834)/(-12) - d/(-2) is divided by 18.
16
Let d be 211/4 - 12/(-48). Let o = -51 + d. Suppose -o*g + g = -15. What is the remainder when 44 is divided by g?
14
Let s = 2796 + -2155. Calculate the remainder when s is divided by 50.
41
Let b = -124 - -142. Suppose -b*x - 2881 = -8875. What is the remainder when x is divided by 12?
9
Let c be 11/(11/2)*-2 + 290. Let l = c + -219. Calculate the remainder when 468 is divided by l.
66
Suppose -26*p - 16*p + 546 = 0. What is the remainder when 88 is divided by p?
10
Suppose -4*v = 24, 4*i - v = -55 + 165. What is the remainder when 205 is divided by i?
23
What is the remainder when 4499 is divided by (-36)/(4896/(-170)) + 2/(8/75)?
19
Let v(w) = 5*w**3 + w**2 + w - 1. Let d be v(-4). Let p = d + 323. What is the remainder when 67 is divided by p?
11
Let b = -975 - -1003. Calculate the remainder when b is divided by 22/(-16)*-13 - 6/(-48).
10
What is the remainder when 604 is divided by (416/(-10))/((-254)/635)?
84
Let f(d) = d**3 - 75*d**2 - 121*d + 3512. Calculate the remainder when 12602 is divided by f(76).
90
Let k be (216/(-9))/(-8) - (-4 - 1). Suppose -2*a + 52 = k. Calculate the remainder when (-9)/(-15) - 788/(-20) is divided by a.
18
Let s(p) = -51*p**2 - 262*p + 1. Calculate the remainder when s(-4) is divided by 138.
95
Calculate the remainder when 1284 is divided by 4403/34 + (-4)/8.
123
Let x(y) = y**3 - 8*y**2 - 43 + 77*y - 30 - 62*y. What is the remainder when 280 is divided by x(8)?
45
Suppose -930*s = -4*y - 929*s + 743, 3*s = 3*y - 582. Let o = -8 - -32. What is the remainder when y is divided by o?
15
Suppose -5*f + 304 = -3*d, -288 = -5*f - 54*d + 55*d. Let v(j) = -j**3 - 8*j**2 - 2*j - 3. What is the remainder when f is divided by v(-8)?
4
Suppose -198 = -3*r + 420. Suppose 59*b - 1077 = 693. Suppose 0 = 5*u + b*u - 805. What is the remainder when r is divided by u?
22
Suppose 4*g - 18 = -2*p - 76, 4*p - 4*g = -128. Let a = p + 33. Suppose -5 = -a*l + 7. What is the remainder when 16 is divided by l?
4
Suppose 30*y + 1425 - 8933 - 502 = 0. What is the remainder when y is divided by 33?
3
Suppose 4*i = -0*i + 8. Suppose -i*s = 5*s - 70. Suppose 27 = 5*b + 3*h, -4*h + 2*h = -8. Calculate the remainder when s is divided by b.
1
Let j(m) = -4*m**3 - 3*m + 11. Calculate the remainder when j(-4) is divided by (-456)/(-33) - (-6)/33.
13
Let a = 41 + -71. Suppose 4*t - 121 - 58 = -5*h, 2*t - 177 = -5*h. Let f = a + h. Calculate the remainder when 17 is divided by f.
2
Suppose 2*g = 6*g - 4*z - 104, g - 41 = -2*z. Let c(x) = 18*x. Let q(l) = -l + 9. Let f(k) = c(k) + 8*q(k). What is the remainder when f(5) is divided by g?
29
Let t(s) = s**3 + 9 - 4*s + 0*s**3 - 2*s**2 + s**2. Let f = 99 + -95. Calculate the remainder when t(f) is divided by 15.
11
Let r(n) = -63*n - 221. Calculate the remainder when 2397 is divided by r(-13).
5
Let o = 1879 + -1804. Calculate the remainder when 116 is divided by o.
41
Let x(u) = -2*u**3 + 15*u**2 + 20*u - 15. Let z(n) = -n**3 - n**2 + 1. Let a(k) = x(k) - 3*z(k). What is the remainder when a(-16) is divided by 45?
39
Suppose 8*a + 5 = 9*a. What is the remainder when 28/(-42) - ((-2600)/6)/a is divided by 22?
20
Suppose -24994 + 16392 = -11*o. Calculate the remainder when o is divided by 205.
167
Let x = -18 - -22. Suppose 26 = x*q + 90. Let i = q - -67. What is the remainder when i is divided by 14?
9
Suppose 0 = 159*o - 29832 - 41559. Let y(m) = m**3 - 9*m**2 + 9*m + 7. What is the remainder when o is divided by y(8)?
14
Let q = 4668 - 4540. Calculate the remainder when 637 is divided by q.
125
Suppose -2*t + 36 + 36 = 0. Suppose 65*p - 986 = t*p. Let w = 22 - 15. Calculate the remainder when p is divided by w.
6
Suppose 5*y - 152 = 3. Let g = -17 + y. Calculate the remainder when 2/7 - (-64)/(-168)*1629/(-12) is divided by g.
10
Let m be 0*(6/(-2))/3. Let v be 4/18 + m + (-32)/(-18). Suppose v*s - 47 = -3*k, -5*k = 3*s - s - 77. What is the remainder when 55 is divided by k?
10
Let l = 2353 - 758. Calculate the remainder when l is divided by 76.
75
Suppose 4*w - 485*z + 487*z = 258, -4*w + 261 = 5*z. What is the remainder when 199 is divided by w?
7
Suppose 3*w + w = 80. Let m = -41 + -240. Let a = m - -518. What is the remainder when a is divided by w?
17
Let r = 156 + -98. What is the remainder when (-2 + ((-518)/(-8) - -9))/((-3)/(-12)) is divided by r?
55
Let w(o) = 90*o**2 - 111*o + 229. What is the remainder when 379 is divided by w(2)?
12
Let g(d) = 3*d**2 - 10*d + 56. Suppose 74*k = 76*k - 10. What is the remainder when g(k) is divided by 21?
18
Let o(i) = 3*i**2 + 73*i + 245. Calculate the remainder when o(-30) is divided by 111.
89
Let b(h) = h**2 - 22*h + 31. Let k(u) = 3*u - 21. Let r be k(7). Suppose r*d + 8 = 2*d. Calculate the remainder when b(22) is divided by d.
3
Suppose 0 = 3*j + 2*j - 175. Let u(x) = -2*x**2 + 61*x - 272. What is the remainder when u(22) is divided by j?
32
Let z = -83 - -129. Let c = 69 - z. Calculate the remainder when -1*(-2 - -3)*-43 is divided by c.
20
Suppose 4 = 5*t - 3*r - 47, -2*t = 3*r - 33. Let h(z) = 2*z**2 + 180*z - 548. What is the remainder when t is divided by h(3)?
2
What is the remainder when 653 is divided by 56*((-2)/7)/(-10 - -9)?
13
Let s be 116/(-3)*-6*2/8. Let k be (1/4)/(6/72). Calculate the remainder when 54 is divided by (-2)/(-18)*-3 + s/k.
16
Suppose 2*p - 280 = 5*s, -17*s = 5*p - 16*s - 646. What is the remainder when 187 is divided by p?
57
Let b = 6871 + -6839. Let m(u) = u**3 - 5*u**2 - u + 5. Let j be m(5). Suppose 3*p + 0*p - 285 = j. Calculate the remainder when p is divided by b.
31
Suppose -15 = h - 11, 0 = -4*w - h + 352. Calculate the remainder when 163 is divided by w.
74
Let t = -2645 - -2825. Calculate the remainder when t is divided by 48.
36
Let m = 9 - -2. Let i(w) = -68*w**2 + 2 + 143*w**2 - 63*w**2 - w. Calculate the remainder when i(-2) is divided by m.
8
Let d = 5329 - 5243. What is the remainder when 2595 is divided by d?
15
Suppose 2*n - 2 = 0, 12*k - 8*k - 1454 = -2*n. Calculate the remainder when k is divided by 82.
35
Let w(n) = n**2 - 17*n - 10. Let o be 6/(-8)*1*-24. Suppose 0 = -5*m + 4*y + 200, 4*m = 4*y - 10 + 174. Calculate the remainder when m is divided by w(o).
4
Suppose 0*a = -2*a - g + 3, 3 = -g. Suppose -50 - 151 = -a*j. Let k = -350 - -357. What is the remainder when j is divided by k?
4
Calculate the remainder when ((-174930)/441)/(3 - (-11)/(-3)) is divided by 84.
7
Suppose -56*x + 83*x = 783. Let h(i) = 15*i + 6. What is the remainder when h(7) is divided by x?
24
Suppose -28*v + 5*v = 322. Calculate the remainder when 165 is divided by (-11)/19*v + 10/(-95).
5
Suppose 2*b - 7*b + 198 = 4*z, 0 = -4*b + 5*z + 183. Let p = 59 - b. What is the remainder when 23 is divided by p?
6
Suppose -2*v + 21 + 7 = 0. Suppose -2*c = 2*n - 18, 12*n + 16 = 11*n + 4*c. Calculate the remainder when v is divided by n.
2
Suppose -c + 691 = 616. Let r = -26 + -9. Let u = r + c. What is the remainder when 197 is divided by u?
37
Let q = 100 - 3. Let r = q + -77. Calculate the remainder when -29*r/(-15)*3 is divided by 60.
56
Let w be (9/(-6))/(18/12). Calculate the remainder when 24 is divided by (11 + -12)/(w/20*2).
4
Let y(j) = j**3 + 6*j**2 - 19*j - 6. Calculate the remainder when y(-8) is divided by (-116)/(-10) - (46/5)/(-23).
6
Let s = -790 - -938. Suppose -22*q - 16 = -s. Let h(b) = b**2 + 2*b + 1. Calculate the remainder when h(-5) is divided by q.
4
Calculate the remainder when ((-2691)/(-78))/(((-2)/(-12))/((-16)/(-18))) is divided by 79.
26
Let z = -4171 - -4618. Calculate the remainder when z is divided by 90.
87
Let u = -12956 + 13618. Calculate the remainder when u is divided by 659.
3
Let n = 171 + 99. Suppose -5*i = -2*o + n, 2*o + i = 252 + 6. Calculate the remainder when o is divided by 44.
42
Suppose -493*o = -746*o + 399740. Calculate the remainder when o is divided by 100.
80
Let p(f) = -39*f**2 - 1053*f + 22. Calculate the remainder when 1286 is divided by p(-27).
10
Calculate the remai